{"id":11502,"date":"2019-03-21T15:20:48","date_gmt":"2019-03-21T20:20:48","guid":{"rendered":"https:\/\/coladonai.edu.co\/web\/?page_id=11502"},"modified":"2019-07-05T17:53:05","modified_gmt":"2019-07-05T22:53:05","slug":"nuestro-colegio","status":"publish","type":"page","link":"https:\/\/coladonai.edu.co\/web\/nuestro-colegio\/","title":{"rendered":"Nuestro Colegio"},"content":{"rendered":"<div class=\"wpb-content-wrapper\"><p>[vc_row][vc_column]<div class=\"thim-widget-heading template-base\"><div class=\"sc_heading  text-center\"><h3 style=\"font-size:35px;font-weight:600;\" class=\"title\">Informaci\u00f3n <strong>Institucional<\/strong><\/h3><\/div><\/div>[\/vc_column][\/vc_row][vc_row css=\u00bb.vc_custom_1559531433775{margin-bottom: 15px !important;}\u00bb][vc_column width=\u00bb1\/2&#8243; css=\u00bb.vc_custom_1562366570927{margin-bottom: 30px !important;}\u00bb][vc_column_text]<\/p>\n<h3 class=\"thim-text-title\">Misi\u00f3n<\/h3>\n<p>Somos una instituci\u00f3n educativa que promueve e implementa su proyecto Cristo-c\u00e9ntrico caracterizado por valores, principios, y doctrina de la palabra de Dios, el cual busca contribuir en el desarrollo integral y la formaci\u00f3n de ni\u00f1os, ni\u00f1as y j\u00f3venes actores de cambio en sus familias, entorno y sociedad.[\/vc_column_text][\/vc_column][vc_column width=\u00bb1\/2&#8243; css=\u00bb.vc_custom_1562366561466{margin-bottom: 30px !important;}\u00bb][vc_column_text]<\/p>\n<h3 class=\"thim-text-title\">Visi\u00f3n<\/h3>\n<p>Ser una instituci\u00f3n educativa cristiana integral con calidad en los procesos de formaci\u00f3n, trascendente y capaz de afectar de manera positiva los \u00e1mbitos espiritual, emocional, intelectual y la vivencia y pr\u00e1ctica de valores cristianos de nuestros estudiantes.[\/vc_column_text][\/vc_column][\/vc_row][vc_row][vc_column][vc_column_text]<\/p>\n<h3 class=\"thim-text-title\">Rese\u00f1a Hist\u00f3rica<\/h3>\n<p>El Centro Educativo Cristiano ADONAI, naci\u00f3 de la visi\u00f3n de la Pastora Sara Castillo, una mujer a qui\u00e9n Dios por su gracia ha usado en la evangelizaci\u00f3n del municipio de Los Patios, el departamento y la zona de frontera; con el prop\u00f3sito de brindar una excelente educaci\u00f3n con principios y valores cristianos a la ni\u00f1ez de dicho municipio.<\/p>\n<p>Iniciamos labores en el a\u00f1o 2004 bajo el nombre de \u201cSemillitas de Fe\u201d, como una instituci\u00f3n de car\u00e1cter privado, sin \u00e1nimo de lucro, basados en el principio b\u00edblico de Proverbios 22:6, el cual dice \u201c<em>Instruye al ni\u00f1o en su camino, y aun cuando fuere viejo no se apartar\u00e1 de \u00e9l\u201d\u00a0<\/em>de all\u00ed surge el lema de nuestra Instituci\u00f3n<em>: \u201cFormamos con Principios Cristianos<\/em>\u201d.<\/p>\n<p>A\u00f1os m\u00e1s adelante y hasta la fecha adoptamos el nombre ADONAI, el cual b\u00edblicamente b\u00edblicamente hace referencia a Dios como el Se\u00f1or maestro del conocimiento y la sabidur\u00eda. \u00a0\u00a0Actualmente ofrecemos bajo la aprobaci\u00f3n del Ministerio de Educaci\u00f3n Nacional, con\u00a0resoluci\u00f3n 004948 del 24 de noviembre del 2009, Educaci\u00f3n En Preescolar y B\u00e1sica Primaria, con Acompa\u00f1amiento Espiritual, Apoyo Psicol\u00f3gico, Asesor\u00eda de Tareas, Trabajo Social, Refuerzo en Ingl\u00e9s e Iniciaci\u00f3n Musical.<\/p>\n<h3><strong>\u00a1Trabajamos para brindarles una educaci\u00f3n con\u00a0 Excelencia, Calidad y Principios Cristianos!<\/strong><\/h3>\n<p>[\/vc_column_text][\/vc_column][\/vc_row][vc_row][vc_column][vc_row_inner][vc_column_inner]<div class=\"thim-widget-heading template-base\"><div class=\"sc_heading  text-center\"><h3 class=\"title\">S\u00edmbolos <strong>Institucionales<\/strong><\/h3><\/div><\/div>[\/vc_column_inner][\/vc_row_inner][vc_row_inner][vc_column_inner width=\u00bb1\/2&#8243;][vc_column_text]<\/p>\n<h3 class=\"thim-text-title\">Bandera<\/h3>\n<p><img loading=\"lazy\" decoding=\"async\" class=\"alignleft\" src=\"https:\/\/coladonai.edu.co\/web\/wp-content\/uploads\/2019\/07\/BANDERA-ADONAI-768x577.jpg\" width=\"292\" height=\"220\" \/><\/p>\n<p>Est\u00e1 formada por dos franjas horizontales, la inferior es de color azul y la superior de color blanco.<\/p>\n<p>El color blanco significa el amor, el inter\u00e9s y la pureza de los ideales de los ni\u00f1os y j\u00f3venes patienses para proyectarse cada d\u00eda a trav\u00e9s del conocimiento y superaci\u00f3n en el logro de metas que auguren un mejor\u00a0 ma\u00f1ana.<\/p>\n<p>El azul significa los cielos donde proviene el conocimiento integral que parte de la relaci\u00f3n\u00a0 Dios \u2013 hombre y luego en s\u00ed mismo para llegar a hombre sociedad.[\/vc_column_text][\/vc_column_inner][vc_column_inner width=\u00bb1\/2&#8243;][vc_column_text]<\/p>\n<h3 class=\"thim-text-title\">Escudo<\/h3>\n<p><img loading=\"lazy\" decoding=\"async\" class=\"alignleft\" src=\"https:\/\/coladonai.edu.co\/web\/wp-content\/uploads\/2019\/07\/escudo.png\" width=\"243\" height=\"243\" \/><\/p>\n<p>Sobre el fondo blanco aparece un libro abierto que representa la Biblia, que es el conocimiento de Dios a trav\u00e9s de su palabra, afirmando los valores morales, espirituales y \u00e9ticos sin distingos de raza, religi\u00f3n y pol\u00edtica.<\/p>\n<p>Dentro de la Biblia aparece al lado derecho una antorcha que representa la luz eterna que ilumina, gu\u00eda nuestro camino forjando una personalidad estructurada en principios y fundamentos cristianos.<\/p>\n<p>Al lado izquierdo, dentro de la Biblia, aparece una corona que representa a Jesucristo como Rey eterno, quien se entreg\u00f3 por amor a la humanidad.<\/p>\n<p>Alrededor de la Biblia va un ramo de laurel, s\u00edmbolo de reconocimiento a las personas que hicieron posible la creaci\u00f3n de nuestra Instituci\u00f3n, forjando una personalidad aut\u00f3noma, responsable, estructurada y equilibrada, que contempla un horizonte de esperanza que se abre a su mirada.[\/vc_column_text][\/vc_column_inner][\/vc_row_inner][\/vc_column][\/vc_row][vc_row disable_element=\u00bbyes\u00bb css=\u00bb.vc_custom_1562366626258{background-color: #95c5f4 !important;}\u00bb][vc_column][vc_row_inner][vc_column_inner]<div class=\"thim-widget-heading template-base\"><div class=\"sc_heading  text-center\"><h3 class=\"title\"><strong>Himno<\/strong> Institucional<\/h3><span class=\"line\"><\/span><\/div><\/div>[\/vc_column_inner][\/vc_row_inner][vc_row_inner][vc_column_inner width=\u00bb1\/3&#8243;]<div class=\"thim-widget-heading template-base\"><div class=\"sc_heading  text-center\"><h3 class=\"title\">CORO<\/h3><span class=\"line\"><\/span><\/div><\/div>[vc_column_text]<\/p>\n<div style=\"text-align: center;\">coro coro coro<\/div>\n<div style=\"text-align: center;\">coro coro<\/div>\n<div style=\"text-align: center;\">coro coro coro<\/div>\n<div style=\"text-align: center;\"><\/div>\n<p>[\/vc_column_text]<div class=\"thim-widget-heading template-base\"><div class=\"sc_heading  text-center\"><h3 class=\"title\">III<\/h3><span class=\"line\"><\/span><\/div><\/div>[vc_column_text]<\/p>\n<div style=\"text-align: center;\">coro coro coro<\/div>\n<div style=\"text-align: center;\">coro coro<\/div>\n<div style=\"text-align: center;\">coro coro coro<\/div>\n<p>[\/vc_column_text][\/vc_column_inner][vc_column_inner width=\u00bb1\/3&#8243;]<div class=\"thim-widget-heading template-base\"><div class=\"sc_heading  text-center\"><h3 class=\"title\">I<\/h3><span class=\"line\"><\/span><\/div><\/div>[vc_column_text]<\/p>\n<div style=\"text-align: center;\">coro coro coro<\/div>\n<div style=\"text-align: center;\">coro coro<\/div>\n<div style=\"text-align: center;\">coro coro coro<\/div>\n<p>[\/vc_column_text]<div class=\"thim-widget-heading template-base\"><div class=\"sc_heading  text-center\"><h3 class=\"title\">IV<\/h3><span class=\"line\"><\/span><\/div><\/div>[vc_column_text]<\/p>\n<div style=\"text-align: center;\">coro coro coro<\/div>\n<div style=\"text-align: center;\">coro coro<\/div>\n<div style=\"text-align: center;\">coro coro coro<\/div>\n<p>[\/vc_column_text][\/vc_column_inner][vc_column_inner width=\u00bb1\/3&#8243;]<div class=\"thim-widget-heading template-base\"><div class=\"sc_heading  text-center\"><h3 class=\"title\">II<\/h3><span class=\"line\"><\/span><\/div><\/div>[vc_column_text]<\/p>\n<div style=\"text-align: center;\">coro coro coro<\/div>\n<div style=\"text-align: center;\">coro coro<\/div>\n<div style=\"text-align: center;\">coro coro coro<\/div>\n<p>[\/vc_column_text]<div class=\"thim-widget-heading template-base\"><div class=\"sc_heading  text-center\"><h3 class=\"title\">V<\/h3><span class=\"line\"><\/span><\/div><\/div>[vc_column_text]<\/p>\n<div style=\"text-align: center;\">coro coro coro<\/div>\n<div style=\"text-align: center;\">coro coro<\/div>\n<div style=\"text-align: center;\">coro coro coro<\/div>\n<p>[\/vc_column_text][\/vc_column_inner][\/vc_row_inner][\/vc_column][\/vc_row]<\/p>\n<\/div>","protected":false},"excerpt":{"rendered":"<p>[vc_row][vc_column][\/vc_column][\/vc_row][vc_row css=\u00bb.vc_custom_1559531433775{margin-bottom: 15px !important;}\u00bb][vc_column width=\u00bb1\/2&#8243; css=\u00bb.vc_custom_1562366570927{margin-bottom: 30px !important;}\u00bb][vc_column_text] Misi\u00f3n Somos una instituci\u00f3n educativa que promueve e implementa su proyecto Cristo-c\u00e9ntrico caracterizado por valores, principios, y doctrina de la palabra de Dios, el cual busca contribuir en el desarrollo integral y &hellip; <\/p>\n","protected":false},"author":1,"featured_media":0,"parent":0,"menu_order":0,"comment_status":"closed","ping_status":"closed","template":"","meta":{"footnotes":""},"class_list":["post-11502","page","type-page","status-publish","hentry"],"_links":{"self":[{"href":"https:\/\/coladonai.edu.co\/web\/wp-json\/wp\/v2\/pages\/11502","targetHints":{"allow":["GET"]}}],"collection":[{"href":"https:\/\/coladonai.edu.co\/web\/wp-json\/wp\/v2\/pages"}],"about":[{"href":"https:\/\/coladonai.edu.co\/web\/wp-json\/wp\/v2\/types\/page"}],"author":[{"embeddable":true,"href":"https:\/\/coladonai.edu.co\/web\/wp-json\/wp\/v2\/users\/1"}],"replies":[{"embeddable":true,"href":"https:\/\/coladonai.edu.co\/web\/wp-json\/wp\/v2\/comments?post=11502"}],"version-history":[{"count":4,"href":"https:\/\/coladonai.edu.co\/web\/wp-json\/wp\/v2\/pages\/11502\/revisions"}],"predecessor-version":[{"id":11722,"href":"https:\/\/coladonai.edu.co\/web\/wp-json\/wp\/v2\/pages\/11502\/revisions\/11722"}],"wp:attachment":[{"href":"https:\/\/coladonai.edu.co\/web\/wp-json\/wp\/v2\/media?parent=11502"}],"curies":[{"name":"wp","href":"https:\/\/api.w.org\/{rel}","templated":true}]}}